is divided by 84.
70
Calculate the remainder when 313147886 is divided by 1468.
1466
What is the remainder when 170120 is divided by 170032?
88
What is the remainder when 1122778 is divided by 5940?
118
What is the remainder when 2427446 is divided by 463?
400
Calculate the remainder when 766359 is divided by 1718.
131
Calculate the remainder when 1145501 is divided by 24317.
2602
Calculate the remainder when 175582367 is divided by 2039.
2038
What is the remainder when 142896050 is divided by 23?
17
What is the remainder when 9327 is divided by 1254?
549
What is the remainder when 16425149 is divided by 37?
35
Calculate the remainder when 1140100 is divided by 1959.
1921
What is the remainder when 12923901 is divided by 62?
1
Calculate the remainder when 3342258 is divided by 139.
3
Calculate the remainder when 10904 is divided by 6143.
4761
What is the remainder when 695835 is divided by 6930?
2835
Calculate the remainder when 169997 is divided by 2361.
5
What is the remainder when 73839 is divided by 998?
985
Calculate the remainder when 385752 is divided by 3297.
3
What is the remainder when 185877984 is divided by 5?
4
Calculate the remainder when 16911 is divided by 5616.
63
What is the remainder when 11751529 is divided by 1305?
4
What is the remainder when 1616953 is divided by 2503?
15
What is the remainder when 1460237 is divided by 702?
77
What is the remainder when 8202384 is divided by 519?
108
Calculate the remainder when 35983 is divided by 11076.
2755
What is the remainder when 628253 is divided by 36956?
1
What is the remainder when 1905446 is divided by 821?
726
What is the remainder when 629259 is divided by 601?
12
What is the remainder when 37222188 is divided by 969?
960
What is the remainder when 35629449 is divided by 56?
9
What is the remainder when 90581907 is divided by 3407?
3405
Calculate the remainder when 1793383 is divided by 61839.
52
What is the remainder when 190010 is divided by 31656?
74
Calculate the remainder when 29841089 is divided by 39.
5
Calculate the remainder when 380149 is divided by 352.
341
What is the remainder when 106601 is divided by 279?
23
Calculate the remainder when 2794366 is divided by 2143.
2037
What is the remainder when 69180 is divided by 2915?
2135
What is the remainder when 3045886 is divided by 1522877?
132
Calculate the remainder when 12386 is divided by 1311.
587
Calculate the remainder when 155124 is divided by 42.
18
What is the remainder when 24586758 is divided by 3273?
3255
Calculate the remainder when 295015 is divided by 101.
95
What is the remainder when 436224 is divided by 40?
24
Calculate the remainder when 6696177 is divided by 1373.
56
What is the remainder when 4540068 is divided by 4196?
4192
Calculate the remainder when 231835 is divided by 278.
261
What is the remainder when 206906 is divided by 102464?
1978
Calculate the remainder when 2648292 is divided by 110345.
12
What is the remainder when 36702 is divided by 5189?
379
What is the remainder when 826511 is divided by 117952?
847
What is the remainder when 3201641 is divided by 187?
14
Calculate the remainder when 2056599 is divided by 1028279.
41
Calculate the remainder when 1107368 is divided by 4988.
32
Calculate the remainder when 1516285 is divided by 299.
56
Calculate the remainder when 511101 is divided by 168017.
7050
What is the remainder when 498036 is divided by 3718?
3542
Calculate the remainder when 4620021 is divided by 2309848.
325
Calculate the remainder when 1939574 is divided by 3016.
286
What is the remainder when 1732910 is divided by 189?
158
What is the remainder when 9809232 is divided by 13?
4
What is the remainder when 212999 is divided by 50?
49
What is the remainder when 208237273 is divided by 190519?
6
Calculate the remainder when 212225 is divided by 171.
14
Calculate the remainder when 16103528 is divided by 731976.
56
What is the remainder when 148766 is divided by 6328?
3222
Calculate the remainder when 20300209 is divided by 129.
124
What is the remainder when 22493426 is divided by 937219?
170
Calculate the remainder when 244373805 is divided by 2062.
2061
Calculate the remainder when 1335803 is divided by 12.
11
What is the remainder when 55509 is divided by 13111?
3065
What is the remainder when 238054208 is divided by 5727?
5726
Calculate the remainder when 147426129 is divided by 1375.
4
Calculate the remainder when 4916 is divided by 449.
426
What is the remainder when 1492192 is divided by 497395?
7
Calculate the remainder when 6259006 is divided by 274.
24
Calculate the remainder when 1514682 is divided by 77.
15
Calculate the remainder when 608645 is divided by 304312.
21
Calculate the remainder when 16467455 is divided by 1536.
1535
What is the remainder when 1334907 is divided by 283?
279
Calculate the remainder when 387818 is divided by 54.
44
Calculate the remainder when 96543 is divided by 89707.
6836
What is the remainder when 16878419 is divided by 3303?
89
Calculate the remainder when 163536 is divided by 2044.
16
Calculate the remainder when 358198 is divided by 118.
68
What is the remainder when 321154 is divided by 666?
142
What is the remainder when 18992437 is divided by 6330797?
46
What is the remainder when 968813 is divided by 34598?
69
What is the remainder when 50193 is divided by 4561?
22
What is the remainder when 36293 is divided by 138?
137
What is the remainder when 194595169 is divided by 19?
0
Calculate the remainder when 40248 is divided by 92.
44
What is the remainder when 505642451 is divided by 28?
27
Calculate the remainder when 1532254977 is divided by 62.
59
Calculate the remainder when 34625 is divided by 30331.
4294
Calculate the remainder when 2946669 is divided by 75.
69
What is the remainder when 331593 is divided by 15629?
3384
Calculate the remainder when 2230 is divided by 887.
456
What is the remainder when 624986 is divided by 324?
314
Calculate the remainder when 121342 is divided by 17292.
298
Calculate the remainder when 65366 is divided by 828.
782
What is the remainder when 757418 is divided by 11834?
42
What is the remainder when 917221 is divided by 847?
767
Calculate the remainder when 21309 is divided by 2663.
5
What is the remainder when 1005986 is divided by 3387?
47
Calculate the remainder when 37964930 is divided by 12839.
7
What is the remainder when 52106313 is divided by 22?
17
Calculate the remainder when 11024384 is divided by 24942.
20
Calculate the remainder when 4815568 is divided by 802585.
58
What is the remainder when 16733758 is divided by 926?
12
What is the remainder when 219230 is divided by 43842?
20
What is the remainder when 75329629 is divided by 28?
25
Calculate the remainder when 1740774 is divided by 2911.
2907
Calculate the remainder when 5628789 is divided by 727.
355
Calculate the remainder when 2782671 is divided by 1099.
3
Calculate the remainder when 4450871 is divided by 176.
7
Calculate the remainder when 32946241 is divided by 2453.
2451
Calculate the remainder when 73959 is divided by 2982.
2391
Calculate the remainder when 6903383 is divided by 4264.
4231
Calculate the remainder when 1611930 is divided by 1611378.
552
What is the remainder when 112994 is divided by 1202?
6
What is the remainder when 420870 is divided by 105019?
794
What is the remainder when 1435767 is divided by 23927?
147
What is the remainder when 1632830 is divided by 885?
5
What is the remainder when 134183 is divided by 338?
335
Calculate the remainder when 818831 is divided by 3029.
1001
What is the remainder when 975145 is divided by 29549?
28
What is the remainder when 230820 is divided by 2776?
412
What is the remainder when 758823 is divided by 68973?
120
Calculate the remainder when 91532374 is divided by 1998.
1996
What is the remainder when 2979398 is divided by 119173?
73
Calculate the remainder when 1154251145 is divided by 158.
157
What is the remainder when 15978 is divided by 410?
398
Calculate the remainder when 22686750 is divided by 248.
206
What is the remainder when 250519 is divided by 670?
609
Calculate the remainder when 35109 is divided by 11446.
771
Calculate the remainder when 5625254 is divided by 388.
30
What is the remainder when 1918261 is divided by 779?
363
What is the r